{"id":270,"date":"2015-02-16T10:44:02","date_gmt":"2015-02-16T09:44:02","guid":{"rendered":"http:\/\/candidati.unica.it\/mariadelzompo\/?page_id=270"},"modified":"2015-02-16T18:54:34","modified_gmt":"2015-02-16T17:54:34","slug":"necessita-di-individuare-nuovi-benchmarks","status":"publish","type":"page","link":"https:\/\/candidati.unica.it\/mariadelzompo\/il-mio-programma-2\/il-compito-isituzionale\/internazionalizzazione\/necessita-di-individuare-nuovi-benchmarks\/","title":{"rendered":"Necessit\u00e0 di individuare nuovi &#8220;benchmarks&#8221;"},"content":{"rendered":"<p style=\"text-align: justify\">Diventa imprescindibile il confronto con altre strutture e altre esperienze, allo scopo di avere una misura migliore delle nostre attivit\u00e0, consentire l&#8217;individuazione di nuovi benchmarks credibili, rispetto ai quali valutare i progressi compiuti dal nostro Ateneo per sviluppare una pi\u00f9 vasta visione culturale. In tale maniera, l&#8217;internazionalizzazione svolge un ruolo insostituibile, allo scopo di irrobustire la presenza dell\u2019Universit\u00e0 degli Studi di Cagliari nelle reti universitarie internazionali.\u00a0La didattica e la ricerca dovranno essere pi\u00f9 internazionali (nel senso sopra indicato), e sempre pi\u00f9 all&#8217;avanguardia. Esclusivamente con questo approccio di fondo, infatti, l&#8217;Universit\u00e0 degli Studi di Cagliari potr\u00e0 assumere l&#8217;identit\u00e0 di un &#8220;Ateneo a forte vocazione internazionale&#8221;, scongiurare il rischio (altrimenti concreto) di trasformarsi in una delle molte \u2018teaching universities\u2019 del nostro Paese, in palese contrasto con la sua storia plurisecolare, e formare laureati in grado di rispondere alle richieste poste dall\u2019integrazione e globalizzazione dei mercati di lavoro.<\/p>\n<p style=\"text-align: justify\">Il rilievo strategico di un&#8217;offerta formativa che, colti questi spunti, si inserisca in modo innovativo nel panorama della formazione universitaria, costituisce il nuovo orizzonte culturale del prossimo quinquennio. Dovremo quindi avviare, rafforzare e estendere relazioni con Universit\u00e0 straniere, immaginando probabilmente una speciale considerazione per aree geopolitiche di possibile maggior richiamo strategico (ad esempio, America Latina, Paesi Mediterranei, Asia e dell\u2019Europa dell&#8217;Est).<\/p>\n","protected":false},"excerpt":{"rendered":"<p>Diventa imprescindibile il confronto con altre strutture e altre esperienze, allo scopo di avere una misura migliore delle nostre attivit\u00e0, consentire l&#8217;individuazione di nuovi benchmarks credibili, rispetto ai quali valutare i progressi compiuti dal nostro Ateneo per sviluppare una pi\u00f9 vasta visione culturale. In tale maniera, l&#8217;internazionalizzazione svolge un ruolo insostituibile, allo scopo di irrobustire &hellip; <a href=\"https:\/\/candidati.unica.it\/mariadelzompo\/il-mio-programma-2\/il-compito-isituzionale\/internazionalizzazione\/necessita-di-individuare-nuovi-benchmarks\/\" class=\"more-link\">Continua la lettura di <span class=\"screen-reader-text\">Necessit\u00e0 di individuare nuovi &#8220;benchmarks&#8221;<\/span> <span class=\"meta-nav\">&rarr;<\/span><\/a><\/p>\n","protected":false},"author":241,"featured_media":0,"parent":123,"menu_order":2,"comment_status":"open","ping_status":"open","template":"","meta":{"footnotes":""},"class_list":["post-270","page","type-page","status-publish","hentry"],"_links":{"self":[{"href":"https:\/\/candidati.unica.it\/mariadelzompo\/wp-json\/wp\/v2\/pages\/270","targetHints":{"allow":["GET"]}}],"collection":[{"href":"https:\/\/candidati.unica.it\/mariadelzompo\/wp-json\/wp\/v2\/pages"}],"about":[{"href":"https:\/\/candidati.unica.it\/mariadelzompo\/wp-json\/wp\/v2\/types\/page"}],"author":[{"embeddable":true,"href":"https:\/\/candidati.unica.it\/mariadelzompo\/wp-json\/wp\/v2\/users\/241"}],"replies":[{"embeddable":true,"href":"https:\/\/candidati.unica.it\/mariadelzompo\/wp-json\/wp\/v2\/comments?post=270"}],"version-history":[{"count":4,"href":"https:\/\/candidati.unica.it\/mariadelzompo\/wp-json\/wp\/v2\/pages\/270\/revisions"}],"predecessor-version":[{"id":426,"href":"https:\/\/candidati.unica.it\/mariadelzompo\/wp-json\/wp\/v2\/pages\/270\/revisions\/426"}],"up":[{"embeddable":true,"href":"https:\/\/candidati.unica.it\/mariadelzompo\/wp-json\/wp\/v2\/pages\/123"}],"wp:attachment":[{"href":"https:\/\/candidati.unica.it\/mariadelzompo\/wp-json\/wp\/v2\/media?parent=270"}],"curies":[{"name":"wp","href":"https:\/\/api.w.org\/{rel}","templated":true}]}}