{"id":239,"date":"2015-02-16T09:23:20","date_gmt":"2015-02-16T08:23:20","guid":{"rendered":"http:\/\/candidati.unica.it\/mariadelzompo\/?page_id=239"},"modified":"2015-04-13T13:14:23","modified_gmt":"2015-04-13T11:14:23","slug":"lettera-allateneo","status":"publish","type":"page","link":"https:\/\/candidati.unica.it\/mariadelzompo\/lettere\/lettera-allateneo\/","title":{"rendered":"Lettera all&#8217;Ateneo"},"content":{"rendered":"<p style=\"text-align: justify\">Care Colleghe e cari Colleghi, docenti, tecnici e amministrativi<\/p>\n<p style=\"text-align: justify\">Care Studentesse e cari Studenti<br \/>\ndel nostro Ateneo,<\/p>\n<p style=\"text-align: justify\">\u00e8 un forte senso di appartenenza e la voglia di far continuare a crescere la nostra Universit\u00e0 che mi spinge, con rinnovato impegno, a scegliere di proporre, per la seconda volta, la mia candidatura alla carica di Rettore.<\/p>\n<p style=\"text-align: justify\">E\u2019 stata una scelta difficile, sulla quale ho riflettuto a lungo, giacch\u00e9 molte cose sono cambiate, rispetto a sei anni fa, sia nel contesto sociale che culturale. Sono consapevole, come tutti noi, del difficile momento storico ed economico che sta vivendo il nostro Paese &#8211; e l\u2019Europa tutta &#8211; e che si riflette pesantemente nell\u2019Universit\u00e0 Italiana e non di meno nel nostro Ateneo.<\/p>\n<p style=\"text-align: justify\">Accettare la sfida di costruire un futuro positivo in un contesto dai contorni a dir poco incerti, \u00e8 certamente un passo molto impegnativo che va colto in tutta la sua complessit\u00e0. Ma il desiderio di essere parte attiva e proponente affinch\u00e9, con una progettualit\u00e0 fortemente innovativa, il nostro Ateneo possa tener testa a questo momento critico \u00e8 forte e mi accompagna.<\/p>\n<p style=\"text-align: justify\">L\u2019Ateneo cagliaritano ha antiche origini e vanta una notevole tradizione di studi e, pur con enormi difficolt\u00e0 economiche, \u00e8 riuscito ad affiancare e a sostenere la voglia di crescita della societ\u00e0 sarda puntando, sempre e comunque, a mantenere pi\u00f9 alti possibili i livelli qualitativi sia sul piano della didattica che su quello della ricerca.<\/p>\n<p style=\"text-align: justify\">Per permettere alla nostra Universit\u00e0 di continuare a svolgere il proprio ruolo ed essere protagonista non solo nel territorio, ma anche a livello internazionale, \u00e8 necessaria una seria e profonda riflessione che insista sulla via del cambiamento considerando nuove sensibilit\u00e0 e nuove esigenze. Nella situazione contingente, avere questi obiettivi significa soprattutto trovare nuove soluzioni per ottimizzare le risorse, senza penalizzare la nostra offerta formativa n\u00e9, tantomeno, la ricerca.<\/p>\n<p style=\"text-align: justify\">Gli incarichi istituzionali finora ricoperti mi hanno permesso di acquisire competenze di gestione e di coordinamento dipartimentale ed interdipartimentale che hanno arricchito e rafforzato quelle legate alla didattica e alla ricerca.<\/p>\n<p style=\"text-align: justify\">Ho avuto modo di affrontare realt\u00e0 composite, che hanno richiesto attenzione particolare per poter garantire, nel rispetto delle diversit\u00e0 e delle specificit\u00e0, un governo incisivo ed efficiente.<\/p>\n<p style=\"text-align: justify\">Da qui <strong>la convinzione che la chiara percezione dei problemi da parte delle persone e la condivisione delle scelte siano fattori irrinunciabili dell\u2019operare, congiuntamente all\u2019imprescindibile trasparenza del processo decisionale.<\/strong> L\u2019aiuto concreto delle persone di volta in volta coinvolte nei diversi processi affrontati, si \u00e8 rivelato cruciale ai fini del conseguimento di un &#8220;buon governo&#8221;.<\/p>\n<p style=\"text-align: justify\">Ritengo, perci\u00f2, che il rinnovamento e l\u2019ottimizzazione delle risorse in campo debbano passare attraverso una programmazione che, cogliendo tutte le esigenze rappresentate nel nostro Ateneo, coinvolga le diverse realt\u00e0 con precise priorit\u00e0.<\/p>\n<p style=\"text-align: justify\">Questi sono\u00a0i punti principali che caratterizzano il progetto che ho in mente per la nostra Universit\u00e0: la riorganizzazione dell\u2019offerta formativa, che il costo studente standard, deciso dall\u2019attuale Ministro nel recente Decreto Ministeriale, rischia di compromettere; il sostegno alla ricerca, elemento fondamentale per una didattica di alto livello qualitativo; il potenziamento dell\u2019internazionalizzazione sia per la didattica sia per la ricerca come elemento fondamentale di crescita dell\u2019Ateneo; responsabilit\u00e0 collegiale e su delega nella gestione: pur mantenendo tutte le prerogative derivanti dalla carica, il ruolo del Rettore dovr\u00e0 essere a mio avviso quello di coordinare un sistema di governo in cui le tre realt\u00e0 universitarie (studentesca, tecnico-amministrativa, docente) possano interagire con uno spirito di collaborazione e compartecipazione; imprescindibile il miglioramento della qualit\u00e0 dei servizi che si offrono agli studenti, dalla difesa del diritto allo studio, all\u2019orientamento pre e <em>post lauream;<\/em> anche il rapporto con il territorio non pu\u00f2 prescindere dalla consapevolezza della esistenza di realt\u00e0 diverse e deve quindi essere favorito da una presenza e da una partecipazione costante e visibile dell&#8217;istituzione universitaria.<\/p>\n<p style=\"text-align: justify\">Il programma, nella sua forma definitiva e pi\u00f9 dettagliata, sar\u00e0 il risultato anche della discussione e del confronto, peraltro gi\u00e0 iniziati, con tutti voi.<\/p>\n<p style=\"text-align: justify\">Pur nella consapevolezza che il contesto economico, con le scelte politiche nazionali sull\u2019Universit\u00e0 ancora oggi a dir poco discutibili, \u00e8 e sar\u00e0 ancora molto critico, per un tempo che non si prospetta purtroppo breve, sono comunque convinta che i margini di crescita ci siano. Occorre saperli cogliere.<\/p>\n<p style=\"text-align: justify\">Nel confermare la disponibilit\u00e0 ad affrontare il compito e insieme la volont\u00e0 di mettermi, se lo vorrete, al servizio dell\u2019Ateneo, con un progetto costruito per valorizzare, senza eccezione alcuna, le risorse didattiche e scientifiche che nella loro diversit\u00e0, costituiscono, loro, la ricchezza del nostro Ateneo.<\/p>\n<p style=\"text-align: justify\">Mi piace salutarvi con la riflessione di Jacques Monod, grande uomo di cultura e di scienza: <em>&#8220;\u00e8 il dovere che si impone agli uomini di scienza, oggi pi\u00f9 che mai, di pensare la propria disciplina nel quadro generale della cultura moderna, per arricchirlo non solo di nozioni importanti dal punto di vista tecnico, ma anche di quelle idee, provenienti dal loro particolar campo d&#8217;indagine, che essi ritengano significative dal punto di vista umano. Il candore di uno sguardo nuovo (quello della scienza lo \u00e8 sempre) pu\u00f2 talvolta illuminare di luce nuova antichi problemi&#8221;.<\/em><\/p>\n<p style=\"text-align: justify\">Un caro saluto<\/p>\n<p style=\"text-align: justify\">Maria Del Zompo<\/p>\n","protected":false},"excerpt":{"rendered":"<p>Care Colleghe e cari Colleghi, docenti, tecnici e amministrativi Care Studentesse e cari Studenti del nostro Ateneo, \u00e8 un forte senso di appartenenza e la voglia di far continuare a crescere la nostra Universit\u00e0 che mi spinge, con rinnovato impegno, a scegliere di proporre, per la seconda volta, la mia candidatura alla carica di Rettore. &hellip; <a href=\"https:\/\/candidati.unica.it\/mariadelzompo\/lettere\/lettera-allateneo\/\" class=\"more-link\">Continua la lettura di <span class=\"screen-reader-text\">Lettera all&#8217;Ateneo<\/span> <span class=\"meta-nav\">&rarr;<\/span><\/a><\/p>\n","protected":false},"author":241,"featured_media":0,"parent":492,"menu_order":1,"comment_status":"open","ping_status":"open","template":"","meta":{"footnotes":""},"class_list":["post-239","page","type-page","status-publish","hentry"],"_links":{"self":[{"href":"https:\/\/candidati.unica.it\/mariadelzompo\/wp-json\/wp\/v2\/pages\/239","targetHints":{"allow":["GET"]}}],"collection":[{"href":"https:\/\/candidati.unica.it\/mariadelzompo\/wp-json\/wp\/v2\/pages"}],"about":[{"href":"https:\/\/candidati.unica.it\/mariadelzompo\/wp-json\/wp\/v2\/types\/page"}],"author":[{"embeddable":true,"href":"https:\/\/candidati.unica.it\/mariadelzompo\/wp-json\/wp\/v2\/users\/241"}],"replies":[{"embeddable":true,"href":"https:\/\/candidati.unica.it\/mariadelzompo\/wp-json\/wp\/v2\/comments?post=239"}],"version-history":[{"count":3,"href":"https:\/\/candidati.unica.it\/mariadelzompo\/wp-json\/wp\/v2\/pages\/239\/revisions"}],"predecessor-version":[{"id":334,"href":"https:\/\/candidati.unica.it\/mariadelzompo\/wp-json\/wp\/v2\/pages\/239\/revisions\/334"}],"up":[{"embeddable":true,"href":"https:\/\/candidati.unica.it\/mariadelzompo\/wp-json\/wp\/v2\/pages\/492"}],"wp:attachment":[{"href":"https:\/\/candidati.unica.it\/mariadelzompo\/wp-json\/wp\/v2\/media?parent=239"}],"curies":[{"name":"wp","href":"https:\/\/api.w.org\/{rel}","templated":true}]}}

<p style="text-align: justify">Care Colleghe e cari Colleghi, docenti, tecnici e amministrativi</p>
<p style="text-align: justify">Care Studentesse e cari Studenti<br />
del nostro Ateneo,</p>
<p style="text-align: justify">è un forte senso di appartenenza e la voglia di far continuare a crescere la nostra Università che mi spinge, con rinnovato impegno, a scegliere di proporre, per la seconda volta, la mia candidatura alla carica di Rettore.</p>
<p style="text-align: justify">E’ stata una scelta difficile, sulla quale ho riflettuto a lungo, giacché molte cose sono cambiate, rispetto a sei anni fa, sia nel contesto sociale che culturale. Sono consapevole, come tutti noi, del difficile momento storico ed economico che sta vivendo il nostro Paese &#8211; e l’Europa tutta &#8211; e che si riflette pesantemente nell’Università Italiana e non di meno nel nostro Ateneo.</p>
<p style="text-align: justify">Accettare la sfida di costruire un futuro positivo in un contesto dai contorni a dir poco incerti, è certamente un passo molto impegnativo che va colto in tutta la sua complessità. Ma il desiderio di essere parte attiva e proponente affinché, con una progettualità fortemente innovativa, il nostro Ateneo possa tener testa a questo momento critico è forte e mi accompagna.</p>
<p style="text-align: justify">L’Ateneo cagliaritano ha antiche origini e vanta una notevole tradizione di studi e, pur con enormi difficoltà economiche, è riuscito ad affiancare e a sostenere la voglia di crescita della società sarda puntando, sempre e comunque, a mantenere più alti possibili i livelli qualitativi sia sul piano della didattica che su quello della ricerca.</p>
<p style="text-align: justify">Per permettere alla nostra Università di continuare a svolgere il proprio ruolo ed essere protagonista non solo nel territorio, ma anche a livello internazionale, è necessaria una seria e profonda riflessione che insista sulla via del cambiamento considerando nuove sensibilità e nuove esigenze. Nella situazione contingente, avere questi obiettivi significa soprattutto trovare nuove soluzioni per ottimizzare le risorse, senza penalizzare la nostra offerta formativa né, tantomeno, la ricerca.</p>
<p style="text-align: justify">Gli incarichi istituzionali finora ricoperti mi hanno permesso di acquisire competenze di gestione e di coordinamento dipartimentale ed interdipartimentale che hanno arricchito e rafforzato quelle legate alla didattica e alla ricerca.</p>
<p style="text-align: justify">Ho avuto modo di affrontare realtà composite, che hanno richiesto attenzione particolare per poter garantire, nel rispetto delle diversità e delle specificità, un governo incisivo ed efficiente.</p>
<p style="text-align: justify">Da qui <strong>la convinzione che la chiara percezione dei problemi da parte delle persone e la condivisione delle scelte siano fattori irrinunciabili dell’operare, congiuntamente all’imprescindibile trasparenza del processo decisionale.</strong> L’aiuto concreto delle persone di volta in volta coinvolte nei diversi processi affrontati, si è rivelato cruciale ai fini del conseguimento di un &#8220;buon governo&#8221;.</p>
<p style="text-align: justify">Ritengo, perciò, che il rinnovamento e l’ottimizzazione delle risorse in campo debbano passare attraverso una programmazione che, cogliendo tutte le esigenze rappresentate nel nostro Ateneo, coinvolga le diverse realtà con precise priorità.</p>
<p style="text-align: justify">Questi sono i punti principali che caratterizzano il progetto che ho in mente per la nostra Università: la riorganizzazione dell’offerta formativa, che il costo studente standard, deciso dall’attuale Ministro nel recente Decreto Ministeriale, rischia di compromettere; il sostegno alla ricerca, elemento fondamentale per una didattica di alto livello qualitativo; il potenziamento dell’internazionalizzazione sia per la didattica sia per la ricerca come elemento fondamentale di crescita dell’Ateneo; responsabilità collegiale e su delega nella gestione: pur mantenendo tutte le prerogative derivanti dalla carica, il ruolo del Rettore dovrà essere a mio avviso quello di coordinare un sistema di governo in cui le tre realtà universitarie (studentesca, tecnico-amministrativa, docente) possano interagire con uno spirito di collaborazione e compartecipazione; imprescindibile il miglioramento della qualità dei servizi che si offrono agli studenti, dalla difesa del diritto allo studio, all’orientamento pre e <em>post lauream;</em> anche il rapporto con il territorio non può prescindere dalla consapevolezza della esistenza di realtà diverse e deve quindi essere favorito da una presenza e da una partecipazione costante e visibile dell&#8217;istituzione universitaria.</p>
<p style="text-align: justify">Il programma, nella sua forma definitiva e più dettagliata, sarà il risultato anche della discussione e del confronto, peraltro già iniziati, con tutti voi.</p>
<p style="text-align: justify">Pur nella consapevolezza che il contesto economico, con le scelte politiche nazionali sull’Università ancora oggi a dir poco discutibili, è e sarà ancora molto critico, per un tempo che non si prospetta purtroppo breve, sono comunque convinta che i margini di crescita ci siano. Occorre saperli cogliere.</p>
<p style="text-align: justify">Nel confermare la disponibilità ad affrontare il compito e insieme la volontà di mettermi, se lo vorrete, al servizio dell’Ateneo, con un progetto costruito per valorizzare, senza eccezione alcuna, le risorse didattiche e scientifiche che nella loro diversità, costituiscono, loro, la ricchezza del nostro Ateneo.</p>
<p style="text-align: justify">Mi piace salutarvi con la riflessione di Jacques Monod, grande uomo di cultura e di scienza: <em>&#8220;è il dovere che si impone agli uomini di scienza, oggi più che mai, di pensare la propria disciplina nel quadro generale della cultura moderna, per arricchirlo non solo di nozioni importanti dal punto di vista tecnico, ma anche di quelle idee, provenienti dal loro particolar campo d&#8217;indagine, che essi ritengano significative dal punto di vista umano. Il candore di uno sguardo nuovo (quello della scienza lo è sempre) può talvolta illuminare di luce nuova antichi problemi&#8221;.</em></p>
<p style="text-align: justify">Un caro saluto</p>
<p style="text-align: justify">Maria Del Zompo</p>

<p>Care Colleghe e cari Colleghi, docenti, tecnici e amministrativi Care Studentesse e cari Studenti del nostro Ateneo, è un forte senso di appartenenza e la voglia di far continuare a crescere la nostra Università che mi spinge, con rinnovato impegno, a scegliere di proporre, per la seconda volta, la mia candidatura alla carica di Rettore. &hellip; <a href="https://candidati.unica.it/mariadelzompo/lettere/lettera-allateneo/" class="more-link">Continua la lettura di <span class="screen-reader-text">Lettera all&#8217;Ateneo</span> <span class="meta-nav">&rarr;</span></a></p>
