{"id":192,"date":"2015-02-14T12:06:26","date_gmt":"2015-02-14T11:06:26","guid":{"rendered":"http:\/\/candidati.unica.it\/mariadelzompo\/?page_id=192"},"modified":"2015-02-16T15:06:22","modified_gmt":"2015-02-16T14:06:22","slug":"relazioni-con-il-territorio-e-con-il-sistema-produttivo","status":"publish","type":"page","link":"https:\/\/candidati.unica.it\/mariadelzompo\/il-mio-programma-2\/7-lateneo-e-il-territorio\/relazioni-con-il-territorio-e-con-il-sistema-produttivo\/","title":{"rendered":"6.3 Relazioni con il territorio e con il sistema produttivo"},"content":{"rendered":"<p style=\"text-align: justify\">Attenzione e impegno saranno dedicati a migliorare la capacit\u00e0 del nostro Ateneo nel trasferire i saperi dall\u2019Universit\u00e0 al territorio, inteso come impresa o pubblica amministrazione, ci\u00f2 contribuir\u00e0 a radicare in modo propositivo il messaggio \u201cCultura = Ricchezza anche nell\u2019economia reale\u201d.<\/p>\n<p style=\"text-align: justify\"><strong><em>Sistema produttivo<\/em><\/strong><\/p>\n<p style=\"text-align: justify\">L\u2019apertura delle Universit\u00e0 ai territori ed alle imprese ed i processi di internazionalizzazione sono gli elementi che, forse pi\u00f9 di altri, caratterizzano oggigiorno l\u2019attivit\u00e0 degli atenei. Le risorse finanziarie del Governo centrale in materia di finanziamenti alla ricerca vanno assottigliandosi col passare degli anni e pertanto l\u2019autonomia anche amministrativa degli atenei e la capacit\u00e0 di attrarre risorse finanziarie sono divenuti i fattori attraverso cui si coniuga la necessit\u00e0 di mantenere l\u2019eccellenza nel settore della ricerca.<\/p>\n<p style=\"text-align: justify\">Dobbiamo implementare la capacit\u00e0 di autofinanziare la nostra ricerca e anche la didattica, soprattutto il post-laurea, offrendo i servizi che la Societ\u00e0 richiede nel paradigma dell\u2019eccellenza, E\u2019 necessario fare uno sforzo per accreditare all\u2019esterno, oltre al nostro \u201csapere\u201d,\u00a0 il nostro \u201csaper fare\u201d, il nostro Know-how.<\/p>\n<p style=\"text-align: justify\">In tal senso sono consapevole di come sia essenziale mettere a punto gli strumenti necessari e pi\u00f9 efficaci per agevolare, nelle reciproche competenze e per tutto il personale universitario, il rapporto di collaborazione con il mondo esterno, degli enti, delle imprese, delle istituzioni, della pubblica amministrazione.<\/p>\n<p style=\"text-align: justify\">La visione a sistema e l\u2019organizzazione nell\u2019Ateneo della politica di relazione con l\u2019esterno sono necessari per realizzare una piattaforma di conoscenza e di dialogo supportata da efficaci strumenti procedurali che possano agevolare e incentivare questo rapporto.<\/p>\n<p style=\"text-align: justify\">Relativamente al <a href=\"http:\/\/candidati.unica.it\/mariadelzompo\/files\/2015\/02\/Rapporti-imprese.pdf\">rapporto con le imprese<\/a>, sar\u00e0 mia cura mettere a sistema un \u201c<em>Portale Universit\u00e0-Impresa<\/em>\u201d. Tutti i servizi e le opportunit\u00e0 che l\u2019Universit\u00e0 pu\u00f2 offrire alle imprese devono essere l\u2019elemento chiave di questo portale; possiamo e dobbiamo stringere i rapporti di collaborazione con l\u2019esterno partendo dalla Promozione delle Opportunit\u00e0 offerte dal nostro Ateneo. A favore dell\u2019occupazione giovanile, attraverso la promozione dei tirocini in azienda pre e post laurea, le correlazioni nelle tesi di laurea, le borse di studio, di ricerca e di dottorato, gli apprendistati formativi, soprattutto nelle nuove formule dei dottorati di ricerca, mentre a favore dello sviluppo dei settori produttivi e della cura dell\u2019ambiente dobbiamo promuovere ed incentivare le collaborazioni su temi di ricerca e di trasferimento tecnologico attraverso iniziative qualificate, di cui possiamo annoverare, nelle attivit\u00e0 passate, poche ma qualificate realizzazioni significative. Simili iniziative verranno pensate e organizzate anche verso le istituzioni pubbliche locali e regionali. Quello che ho in mente \u00e8 una maggiore apertura di tutto l\u2019Ateneo verso attivit\u00e0 che possano favorire il rapporto con il territorio sia per l\u2019autofinanziamento ma soprattutto per aprire nuove opportunit\u00e0 ai nostri studenti.<\/p>\n<p style=\"text-align: justify\">Questo processo di conoscenza e di dialogo continuo e \u201cistituzionalizzato\u201d porta insita la conseguenza di incentivare in modo strutturale sia i settori\u00a0 dei brevetti, degli spin-off, delle start-up, dei consorzi cos\u00ec come gli stage nella pubblica amministrazione, nella scuola, nelle istituzioni locali e regionali adeguate allo scopo.<\/p>\n<p style=\"text-align: justify\">Appogger\u00f2 tutte le iniziative che dimostrano capacit\u00e0 di autosostenersi, che attraverso la capacit\u00e0 del nostro personale saranno in grado di assolvere alle richieste della Societ\u00e0, mantenendo quel livello qualitativo che deve sempre contraddistinguere l\u2019attivit\u00e0 di\u00a0 una Universit\u00e0.<\/p>\n<p style=\"text-align: justify\">Vorrei aumentare la potenziale efficacia di queste iniziative attraverso una adeguata politica di <em>marketing,<\/em> o meglio <strong>promozione<\/strong><span style=\"text-decoration: underline\">,<\/span> cos\u00ec come vorrei migliorare quanto pi\u00f9 possibile i laboratori e la loro messa a norma e sicurezza, incentivando per esempio la formazione del personale tecnico verso la <strong>Certificazione di qualit\u00e0 dei laboratori del nostro Ateneo<\/strong>; mi piacerebbe finalmente la disponibilit\u00e0 di luoghi agibili, salubri e sicuri. Sono consapevole che la qualit\u00e0 nella didattica e nella ricerca, oggi pi\u00f9 che in passato, si raggiunge attraverso il lavoro di gruppo con locali ed attrezzature adeguati.<\/p>\n<p style=\"text-align: justify\">Il paradigma dello scienziato, isolato e chiuso nel proprio laboratorio \u00e8 oggi sostituito da quello di gruppi di ricercatori, spesso di estrazione disciplinare differente e di diversa provenienza anche geografica, dall\u2019incontro di saperi diversi, dal dialogo, dal confronto, <strong>unica reale possibilit\u00e0 di essere innovativi.<\/strong><\/p>\n<p style=\"text-align: justify\">Attraverso questo approccio con l\u2019esterno si sostanzia la rilettura anche del rapporto con la citt\u00e0; l\u2019Ateneo impegnato ad aprirsi e farsi conoscere come luogo di approfondimento culturale, va anche ben oltre il periodo di vita normalmente dedicata all\u2019istruzione universitaria.<\/p>\n<p style=\"text-align: justify\">Questo processo, nella sua organicit\u00e0 e visione integrata \u00e8 un tassello fondamentale nella costruzione del <em>Progetto di\u00a0 <a href=\"http:\/\/candidati.unica.it\/mariadelzompo\/il-mio-programma-2\/la-missione-istituzionale\/internazionalizzazione\/\">Internazionalizzazione<\/a><\/em> del nostro ateneo, di cui tratto in altro punto.<\/p>\n<p style=\"text-align: justify\">\n","protected":false},"excerpt":{"rendered":"<p>Attenzione e impegno saranno dedicati a migliorare la capacit\u00e0 del nostro Ateneo nel trasferire i saperi dall\u2019Universit\u00e0 al territorio, inteso come impresa o pubblica amministrazione, ci\u00f2 contribuir\u00e0 a radicare in modo propositivo il messaggio \u201cCultura = Ricchezza anche nell\u2019economia reale\u201d. Sistema produttivo L\u2019apertura delle Universit\u00e0 ai territori ed alle imprese ed i processi di internazionalizzazione &hellip; <a href=\"https:\/\/candidati.unica.it\/mariadelzompo\/il-mio-programma-2\/7-lateneo-e-il-territorio\/relazioni-con-il-territorio-e-con-il-sistema-produttivo\/\" class=\"more-link\">Continua la lettura di <span class=\"screen-reader-text\">6.3 Relazioni con il territorio e con il sistema produttivo<\/span> <span class=\"meta-nav\">&rarr;<\/span><\/a><\/p>\n","protected":false},"author":241,"featured_media":0,"parent":183,"menu_order":3,"comment_status":"open","ping_status":"open","template":"","meta":{"footnotes":""},"class_list":["post-192","page","type-page","status-publish","hentry"],"_links":{"self":[{"href":"https:\/\/candidati.unica.it\/mariadelzompo\/wp-json\/wp\/v2\/pages\/192","targetHints":{"allow":["GET"]}}],"collection":[{"href":"https:\/\/candidati.unica.it\/mariadelzompo\/wp-json\/wp\/v2\/pages"}],"about":[{"href":"https:\/\/candidati.unica.it\/mariadelzompo\/wp-json\/wp\/v2\/types\/page"}],"author":[{"embeddable":true,"href":"https:\/\/candidati.unica.it\/mariadelzompo\/wp-json\/wp\/v2\/users\/241"}],"replies":[{"embeddable":true,"href":"https:\/\/candidati.unica.it\/mariadelzompo\/wp-json\/wp\/v2\/comments?post=192"}],"version-history":[{"count":9,"href":"https:\/\/candidati.unica.it\/mariadelzompo\/wp-json\/wp\/v2\/pages\/192\/revisions"}],"predecessor-version":[{"id":411,"href":"https:\/\/candidati.unica.it\/mariadelzompo\/wp-json\/wp\/v2\/pages\/192\/revisions\/411"}],"up":[{"embeddable":true,"href":"https:\/\/candidati.unica.it\/mariadelzompo\/wp-json\/wp\/v2\/pages\/183"}],"wp:attachment":[{"href":"https:\/\/candidati.unica.it\/mariadelzompo\/wp-json\/wp\/v2\/media?parent=192"}],"curies":[{"name":"wp","href":"https:\/\/api.w.org\/{rel}","templated":true}]}}