{"id":186,"date":"2015-02-14T12:00:50","date_gmt":"2015-02-14T11:00:50","guid":{"rendered":"http:\/\/candidati.unica.it\/mariadelzompo\/?page_id=186"},"modified":"2015-02-16T19:13:33","modified_gmt":"2015-02-16T18:13:33","slug":"il-patrimonio-culturale-dellateneo-cagliaritano","status":"publish","type":"page","link":"https:\/\/candidati.unica.it\/mariadelzompo\/il-mio-programma-2\/7-lateneo-e-il-territorio\/il-patrimonio-culturale-dellateneo-cagliaritano\/","title":{"rendered":"6.1 Il patrimonio culturale dell&#8217;Ateneo cagliaritano"},"content":{"rendered":"<p style=\"text-align: justify\">Mi impegno a\u00a0considerare la\u00a0valorizzazione dell&#8217;immenso patrimonio culturale presente nell\u2019Universit\u00e0 di Cagliari, nell\u2019Orto Botanico, nei Musei e nelle Collezioni Museali e nei Dipartimenti. Mi impegno a verificare l\u2019interesse e la disponibilit\u00e0 delle Istituzioni coinvolte perch\u00e9 questi beni possano essere resi fruibili per le scuole e per i cittadini all\u2019interno di un progetto museale condiviso in Ateneo con il Comune e la Regione. Sar\u00e0 necessario dimostrare che la cultura esiste per essere diffusa e non pu\u00f2 essere ridotta a un mero trasferimento di informazioni, solo per gli specialisti. Perci\u00f2 musei interattivi e densi di informazioni approfondite, ma accessibili e a disposizione di tutti e per la crescita di tutti.<\/p>\n","protected":false},"excerpt":{"rendered":"<p>Mi impegno a\u00a0considerare la\u00a0valorizzazione dell&#8217;immenso patrimonio culturale presente nell\u2019Universit\u00e0 di Cagliari, nell\u2019Orto Botanico, nei Musei e nelle Collezioni Museali e nei Dipartimenti. Mi impegno a verificare l\u2019interesse e la disponibilit\u00e0 delle Istituzioni coinvolte perch\u00e9 questi beni possano essere resi fruibili per le scuole e per i cittadini all\u2019interno di un progetto museale condiviso in Ateneo &hellip; <a href=\"https:\/\/candidati.unica.it\/mariadelzompo\/il-mio-programma-2\/7-lateneo-e-il-territorio\/il-patrimonio-culturale-dellateneo-cagliaritano\/\" class=\"more-link\">Continua la lettura di <span class=\"screen-reader-text\">6.1 Il patrimonio culturale dell&#8217;Ateneo cagliaritano<\/span> <span class=\"meta-nav\">&rarr;<\/span><\/a><\/p>\n","protected":false},"author":241,"featured_media":0,"parent":183,"menu_order":1,"comment_status":"open","ping_status":"open","template":"","meta":{"footnotes":""},"class_list":["post-186","page","type-page","status-publish","hentry"],"_links":{"self":[{"href":"https:\/\/candidati.unica.it\/mariadelzompo\/wp-json\/wp\/v2\/pages\/186","targetHints":{"allow":["GET"]}}],"collection":[{"href":"https:\/\/candidati.unica.it\/mariadelzompo\/wp-json\/wp\/v2\/pages"}],"about":[{"href":"https:\/\/candidati.unica.it\/mariadelzompo\/wp-json\/wp\/v2\/types\/page"}],"author":[{"embeddable":true,"href":"https:\/\/candidati.unica.it\/mariadelzompo\/wp-json\/wp\/v2\/users\/241"}],"replies":[{"embeddable":true,"href":"https:\/\/candidati.unica.it\/mariadelzompo\/wp-json\/wp\/v2\/comments?post=186"}],"version-history":[{"count":5,"href":"https:\/\/candidati.unica.it\/mariadelzompo\/wp-json\/wp\/v2\/pages\/186\/revisions"}],"predecessor-version":[{"id":440,"href":"https:\/\/candidati.unica.it\/mariadelzompo\/wp-json\/wp\/v2\/pages\/186\/revisions\/440"}],"up":[{"embeddable":true,"href":"https:\/\/candidati.unica.it\/mariadelzompo\/wp-json\/wp\/v2\/pages\/183"}],"wp:attachment":[{"href":"https:\/\/candidati.unica.it\/mariadelzompo\/wp-json\/wp\/v2\/media?parent=186"}],"curies":[{"name":"wp","href":"https:\/\/api.w.org\/{rel}","templated":true}]}}