{"id":174,"date":"2015-02-14T11:50:48","date_gmt":"2015-02-14T10:50:48","guid":{"rendered":"http:\/\/candidati.unica.it\/mariadelzompo\/?page_id=174"},"modified":"2015-02-16T15:04:09","modified_gmt":"2015-02-16T14:04:09","slug":"informatizzazione","status":"publish","type":"page","link":"https:\/\/candidati.unica.it\/mariadelzompo\/il-mio-programma-2\/6-gli-strumenti\/informatizzazione\/","title":{"rendered":"5.2 Informatizzazione"},"content":{"rendered":"<p style=\"text-align: justify\"><strong>Ritengo di fondamentale importanza e prioritario investire risorse per migliorare l\u2019informatizzazione dell\u2019Ateneo a tutti i livelli. I servizi del settore ICT attualmente in essere presso il nostro Ateneo fanno capo, in gran parte, alla Direzione Reti e Sistemi Informativi e sono in prevalenza rivolti all\u2019interno dell\u2019Ateneo stesso.<\/strong><\/p>\n<p style=\"text-align: justify\">In una ottica innovativa, di apertura sempre pi\u00f9 convinta verso le opportunit\u00e0 offerte dal territorio e dall\u2019internazionalizzazione, \u00e8 utile ridisegnare e promuovere lo sviluppo di servizi specifici e comuni che siano di supporto alla progettualit\u00e0 e alla pianificazione della ricerca e della didattica. La competitivit\u00e0 attraverso le nuove tecnologie \u00e8 perseguibile prevedendo l\u2019impiego di specifici strumenti informatici che aumentino la flessibilit\u00e0 e la dinamicit\u00e0 di risposta alle esigenze di pianificazione. Attraverso l\u2019uso di sistemi informatici <em>ad hoc<\/em> si dovr\u00e0 perseguire una politica di studio continuo degli scenari futuri, sia nella ricerca che nella didattica che nella amministrazione, per anticipare le scelte e garantire, specie in questo momento storico, la continuit\u00e0 dell\u2019offerta istituzionale.<\/p>\n","protected":false},"excerpt":{"rendered":"<p>Ritengo di fondamentale importanza e prioritario investire risorse per migliorare l\u2019informatizzazione dell\u2019Ateneo a tutti i livelli. I servizi del settore ICT attualmente in essere presso il nostro Ateneo fanno capo, in gran parte, alla Direzione Reti e Sistemi Informativi e sono in prevalenza rivolti all\u2019interno dell\u2019Ateneo stesso. In una ottica innovativa, di apertura sempre pi\u00f9 &hellip; <a href=\"https:\/\/candidati.unica.it\/mariadelzompo\/il-mio-programma-2\/6-gli-strumenti\/informatizzazione\/\" class=\"more-link\">Continua la lettura di <span class=\"screen-reader-text\">5.2 Informatizzazione<\/span> <span class=\"meta-nav\">&rarr;<\/span><\/a><\/p>\n","protected":false},"author":241,"featured_media":0,"parent":168,"menu_order":2,"comment_status":"open","ping_status":"open","template":"","meta":{"footnotes":""},"class_list":["post-174","page","type-page","status-publish","hentry"],"_links":{"self":[{"href":"https:\/\/candidati.unica.it\/mariadelzompo\/wp-json\/wp\/v2\/pages\/174","targetHints":{"allow":["GET"]}}],"collection":[{"href":"https:\/\/candidati.unica.it\/mariadelzompo\/wp-json\/wp\/v2\/pages"}],"about":[{"href":"https:\/\/candidati.unica.it\/mariadelzompo\/wp-json\/wp\/v2\/types\/page"}],"author":[{"embeddable":true,"href":"https:\/\/candidati.unica.it\/mariadelzompo\/wp-json\/wp\/v2\/users\/241"}],"replies":[{"embeddable":true,"href":"https:\/\/candidati.unica.it\/mariadelzompo\/wp-json\/wp\/v2\/comments?post=174"}],"version-history":[{"count":3,"href":"https:\/\/candidati.unica.it\/mariadelzompo\/wp-json\/wp\/v2\/pages\/174\/revisions"}],"predecessor-version":[{"id":406,"href":"https:\/\/candidati.unica.it\/mariadelzompo\/wp-json\/wp\/v2\/pages\/174\/revisions\/406"}],"up":[{"embeddable":true,"href":"https:\/\/candidati.unica.it\/mariadelzompo\/wp-json\/wp\/v2\/pages\/168"}],"wp:attachment":[{"href":"https:\/\/candidati.unica.it\/mariadelzompo\/wp-json\/wp\/v2\/media?parent=174"}],"curies":[{"name":"wp","href":"https:\/\/api.w.org\/{rel}","templated":true}]}}