{"id":123,"date":"2015-02-14T10:53:48","date_gmt":"2015-02-14T09:53:48","guid":{"rendered":"http:\/\/candidati.unica.it\/mariadelzompo\/?page_id=123"},"modified":"2015-02-16T14:59:11","modified_gmt":"2015-02-16T13:59:11","slug":"internazionalizzazione","status":"publish","type":"page","link":"https:\/\/candidati.unica.it\/mariadelzompo\/il-mio-programma-2\/il-compito-isituzionale\/internazionalizzazione\/","title":{"rendered":"2.4 Internazionalizzazione"},"content":{"rendered":"<p style=\"text-align: justify\">E\u2019 un fatto notorio che l\u2019internazionalizzazione costituisce un parametro fondamentale per la valutazione nazionale delle attivit\u00e0 accademiche. Ci\u00f2 essenzialmente in quanto l\u2019internazionalizzazione permette allo studente di sviluppare una mentalit\u00e0 pi\u00f9 aperta, ovvero pi\u00f9 rispondente alle esigenze e alle \u2018sfide\u2019 di un mercato di lavoro ormai \u2018globalizzato\u2019 e all\u2019Ateneo di\u00a0 confrontarsi direttamente con i parametri internazionali e di incrementare i rispettivi indicatori ministeriali a cui \u00e8 legata una parte della premialit\u00e0.<\/p>\n<ul>\n<li>2.4.a. <a href=\"http:\/\/candidati.unica.it\/mariadelzompo\/il-mio-programma-2\/il-compito-isituzionale\/internazionalizzazione\/strumenti-per-linternazionalizzazione\/\">Strumenti per l\u2019internazionalizzazione<\/a><\/li>\n<li>2.4.b. <a href=\"http:\/\/candidati.unica.it\/mariadelzompo\/il-mio-programma-2\/il-compito-isituzionale\/internazionalizzazione\/necessita-di-individuare-nuovi-benchmarks\/\">Necessit\u00e0 di individuare nuovi &#8220;benchmarks&#8221;<\/a><\/li>\n<li>2.4.c. <a href=\"http:\/\/candidati.unica.it\/mariadelzompo\/il-mio-programma-2\/il-compito-isituzionale\/internazionalizzazione\/internazionalizzazione-e-europeizzazione-dei-dottorati-di-ricerca\/\">Internazionalizzazione e europeizzazione dei dottorati di ricerca<\/a><\/li>\n<\/ul>\n<p>&nbsp;<\/p>\n","protected":false},"excerpt":{"rendered":"<p>E\u2019 un fatto notorio che l\u2019internazionalizzazione costituisce un parametro fondamentale per la valutazione nazionale delle attivit\u00e0 accademiche. Ci\u00f2 essenzialmente in quanto l\u2019internazionalizzazione permette allo studente di sviluppare una mentalit\u00e0 pi\u00f9 aperta, ovvero pi\u00f9 rispondente alle esigenze e alle \u2018sfide\u2019 di un mercato di lavoro ormai \u2018globalizzato\u2019 e all\u2019Ateneo di\u00a0 confrontarsi direttamente con i parametri internazionali &hellip; <a href=\"https:\/\/candidati.unica.it\/mariadelzompo\/il-mio-programma-2\/il-compito-isituzionale\/internazionalizzazione\/\" class=\"more-link\">Continua la lettura di <span class=\"screen-reader-text\">2.4 Internazionalizzazione<\/span> <span class=\"meta-nav\">&rarr;<\/span><\/a><\/p>\n","protected":false},"author":241,"featured_media":0,"parent":90,"menu_order":4,"comment_status":"open","ping_status":"open","template":"","meta":{"footnotes":""},"class_list":["post-123","page","type-page","status-publish","hentry"],"_links":{"self":[{"href":"https:\/\/candidati.unica.it\/mariadelzompo\/wp-json\/wp\/v2\/pages\/123","targetHints":{"allow":["GET"]}}],"collection":[{"href":"https:\/\/candidati.unica.it\/mariadelzompo\/wp-json\/wp\/v2\/pages"}],"about":[{"href":"https:\/\/candidati.unica.it\/mariadelzompo\/wp-json\/wp\/v2\/types\/page"}],"author":[{"embeddable":true,"href":"https:\/\/candidati.unica.it\/mariadelzompo\/wp-json\/wp\/v2\/users\/241"}],"replies":[{"embeddable":true,"href":"https:\/\/candidati.unica.it\/mariadelzompo\/wp-json\/wp\/v2\/comments?post=123"}],"version-history":[{"count":13,"href":"https:\/\/candidati.unica.it\/mariadelzompo\/wp-json\/wp\/v2\/pages\/123\/revisions"}],"predecessor-version":[{"id":395,"href":"https:\/\/candidati.unica.it\/mariadelzompo\/wp-json\/wp\/v2\/pages\/123\/revisions\/395"}],"up":[{"embeddable":true,"href":"https:\/\/candidati.unica.it\/mariadelzompo\/wp-json\/wp\/v2\/pages\/90"}],"wp:attachment":[{"href":"https:\/\/candidati.unica.it\/mariadelzompo\/wp-json\/wp\/v2\/media?parent=123"}],"curies":[{"name":"wp","href":"https:\/\/api.w.org\/{rel}","templated":true}]}}